 Suppose -c + t = 3*y, -4*y + 10 = y. What is the tens digit of c + 111 + (-9)/6*2?
0
Let d be 9 + -3 + -7 + 24 + -1. Let q = d - 20. What is the units digit of 72 - (-2 + -1 + q)?
3
Let b(w) = 204*w - 141. What is the hundreds digit of b(24)?
7
Suppose -1027770 - 1789076 - 4265254 = -183*t. What is the ten thousands digit of t?
3
Suppose -10*s + 202 = -218. Suppose 0 = -41*p + s*p - 420. What is the units digit of p?
0
Suppose 0*j - 2*j - 3*d + 453 = 0, 2*j - 448 = 2*d. What is the units digit of (-50)/j - (-2)/18*4223?
9
Suppose 0 = -3*z - 9, 37*o + 3*z = 36*o + 15714. What is the ten thousands digit of o?
1
What is the hundreds digit of 9475/1*(-8)/(-12)*(-6)/(-10)?
7
Let a(i) = 2 + 1066*i**3 - 3*i + 2*i**2 - 2030*i**3 + 1051*i**3. What is the units digit of a(1)?
8
Suppose -5*c - 15*c = -19120. Let l = -366 + c. What is the units digit of l?
0
Let m(c) = 61*c + 3466. What is the thousands digit of m(112)?
0
Let y(k) = k**3 - 13*k**2 + 22*k - 1. Suppose -73 = -9*q + 26. Let x be y(q). What is the hundreds digit of (-6)/(-21) - x/((-28)/(-5228))?
1
Suppose 0 = c + 7*v - 4*v + 927, -c - 879 = -5*v. Let h = -8 - 7. What is the tens digit of (-8)/(-20) + c/h?
6
Suppose 7*x - 260 + 176 = 0. What is the hundreds digit of 4880/12 + 2*2/x?
4
Let w be 12/(-30) + (-12)/20. Let q be (-2)/w*(-4)/(-2). Suppose -q*g = 2*u - 170, 2*u + 8*g = 3*g + 170. What is the units digit of u?
5
Suppose 2*y - 43105 = -5*w, -2*w + 11948 + 5294 = 5*y. What is the hundreds digit of w?
6
Let l = -717 - -446. Let m = 619 + l. Suppose -3*b = -312 - m. What is the tens digit of b?
2
Let k(n) = -15*n + 1. Let v be 8 + (0 - -3)/(3 + -4). Let z be k(v). Let g = 167 + z. What is the tens digit of g?
9
Suppose 4*w - 42413 = -51653. Let q be 268/6 - 2/3. What is the units digit of (-28)/6*w/q?
5
Let a(u) = u - 4. Let r be a(4). Suppose 6*f - 7653 - 405 = r. What is the units digit of f?
3
Suppose -3805 = -17*x + 55661. Suppose -3*u + x = -v + 3*v, -3*u - 4*v = -3498. What is the tens digit of u?
6
Let q = 23 + -23. What is the tens digit of (3428 + 2)/(2 - q)?
1
Let x = -45966 + 49102. What is the thousands digit of x?
3
Let d(l) = -l**3 - 6*l**2 + 23*l + 8. Let v be d(-8). Let c = 59 + v. Suppose 0 = -c*u + 614 - 240. What is the tens digit of u?
3
Let l(y) be the first derivative of -27*y**4/4 + 4*y**3/3 + 4*y**2 - 3*y + 24. What is the units digit of l(-2)?
3
Suppose 4*b + 47 = 55. Suppose 0 = 4*y - 3*l - 2, 5*y - b*y = -2*l + 10. Suppose -4*d - 2*p = -104, y*p - 87 = -3*d - 8. What is the units digit of d?
5
Suppose -76291 + 129664 = 55*i - 880802. What is the tens digit of i?
8
Let j(m) = 3*m + 11*m + 5 - 2. Let f be (-4)/(16/(-6))*(-8)/(-6). What is the tens digit of j(f)?
3
Suppose -511964 - 358052 = -112*l. What is the tens digit of l?
6
Let h(a) = a**3 + 63*a**2 - 77*a + 147. What is the units digit of h(-61)?
6
Suppose -68*c + u = -70*c + 4247, 5*c - u - 10635 = 0. What is the units digit of c?
6
Let l be -3 + (1 - -1) + 281 + 5. Suppose -2*c - l = -5*c. Let r = -5 + c. What is the tens digit of r?
9
Suppose -11 = 2*r - 3*r + q, 2*r - 28 = 5*q. Let z(v) = 2*v**3 - 12*v**2 - 16*v + 101. What is the units digit of z(r)?
3
Suppose -4*o = 5*u - 37, 3*o = -3*u + 39 - 15. Suppose -5*b = -b - o*r - 7047, 2*r + 10 = 0. What is the thousands digit of b?
1
Suppose -5*l + 102 = -10*s + 6*s, 0 = -4*l - 2*s + 92. Suppose -h = -123 + l. What is the tens digit of h?
0
Let m(z) be the third derivative of z**4/12 + 25*z**3/6 + 19*z**2. Let g be m(19). Let b = -38 + g. What is the units digit of b?
5
Let u = -35 + 34. Let o be (6/(-8))/((-7)/168). What is the units digit of u/(210/(-702) + 4/o)?
3
Let a = 10486 - -15088. What is the tens digit of a?
7
Let i(q) = 52*q - 622. What is the hundreds digit of i(65)?
7
Let l(c) = -2*c + 17. Suppose o + 5 = h + h, -3*h + 27 = 5*o. Let z be l(h). Suppose -z = y - 18. What is the units digit of y?
9
Let a be (3 + 60/(-8))/((-8)/(-192)). Let l = a + 199. What is the units digit of l?
1
Suppose 0 = 5*c + 15 - 55. Suppose -3*n + 926 = -a + 6, c = -4*a. What is the units digit of n?
6
Let c(w) = 29*w + 2. Let r(g) = -g + 1. Let a be (-1)/(-3*1/(-3)). Let k(s) = a*c(s) - 2*r(s). What is the units digit of k(-3)?
7
Let j be ((-96)/30)/((-22)/(-495)). What is the tens digit of 8/(-36) + (-24064)/j?
3
Let h = -6747 + 10285. What is the hundreds digit of h?
5
Let u(y) be the first derivative of -24*y**2 + 8*y - 15. Let x be u(-5). Suppose x = 3*i - 286. What is the units digit of i?
8
Suppose u + 0*u - 4*u = 0. Suppose u = 41*h - 34*h - 6167. What is the tens digit of h?
8
Let h(y) = -11*y**3 + 7*y**2 - 8*y + 2. Let l be h(-7). What is the hundreds digit of l/7 - 62/217?
5
Let u = 4830 + -2630. Suppose -u - 5380 = -10*q. What is the hundreds digit of q?
7
Suppose -6 = -3*q - 3*i + 8*i, 2*i = 5*q - 10. Suppose 183 + 139 = q*k. What is the hundreds digit of k?
1
Suppose -5621*f + 5655*f = 927452. What is the units digit of f?
8
Suppose 3*x = -2*a + 10205, -30*x = -32*x + 2*a + 6800. What is the units digit of x?
1
Let l(o) = -o**3 - 16*o**2 - 16*o - 39. Let g be l(-15). What is the tens digit of 3/2 - 924/g?
4
Let q be (-10)/2*(-4)/(-10). Let r be q*1*2/4 + 13. What is the units digit of 1470/r - 3/(-2)?
4
Let g(f) = -f**3 + 13*f**2 - 13*f + 16. Let b be g(12). Suppose b*n = -4*z + 132, 2*n + 0 = 6. Let h = z - 0. What is the tens digit of h?
3
Let z(h) = 3*h**2 + 8*h - 1. Let a = 56 + -59. Let p be z(a). What is the tens digit of 4096/36 - p/(-9)?
1
Suppose -28*z - 3 = -27*z. Let l(a) = 30*a**2 + 5. Let b be l(z). Let i = b + -104. What is the tens digit of i?
7
What is the units digit of (6 + 7326/(-36))*28/(-2)?
5
Let f = 221 + -219. Suppose f*y + 3 = y, -3*h + 2073 = 5*y. What is the hundreds digit of h?
6
Suppose -5*j - 3*z = 180, 0 = -3*z + z. Let o = -31 - j. Suppose o*w = 3*w + 262. What is the tens digit of w?
3
Let s be (1 - 4) + (20/10 - 523). Let z = s + 1018. What is the tens digit of z?
9
Suppose 5*s + 2*l = 1103, 3*s - 658 = -0*l - 5*l. Let c = s - -530. What is the hundreds digit of c?
7
Suppose -47*x + 277080 + 641160 = 49*x. What is the units digit of x?
5
What is the units digit of 8243 - (-15 - -20)*(2 + (-48)/20)?
5
Let a(h) = h**3 - 27*h**2 - 33*h - 72. What is the tens digit of a(33)?
7
Let o(k) = -2*k**2 + 5*k - 18. Let u(n) = -n**2. Let c(b) = -o(b) + u(b). Let s be c(9). Suppose -3*g = 3*g - s. What is the units digit of g?
9
Let m(o) = o**3 - 5*o**2 - 10*o - 21. Suppose -7*c = 3 - 17. Suppose -c*s + 7 = -11. What is the hundreds digit of m(s)?
2
Let j(w) = w**2 - 24*w + 15. Let a be j(23). What is the tens digit of (294/8)/(21/a - -3)?
9
Let u(q) = -37*q - 4. Let v(f) = -2*f - 45. Let i be v(-22). Let k be u(i). Suppose 3*c = 6*c - k. What is the tens digit of c?
1
Let f(z) = 3*z**2 - 5*z - 10. Let a be f(-5). Let d = -87 + a. Suppose -d*c + 347 = c - q, 5*c = q + 433. What is the units digit of c?
6
Let k(a) = 11*a - 20. Let z be k(5). Suppose -7*u = -0*u - z. Suppose -u*r = -33 - 92. What is the tens digit of r?
2
Suppose -32*y + 19 = 2*b - 35*y, -3*b = 5*y - 19. What is the hundreds digit of 764/5*20/b?
3
Let c(a) = -499*a**2 - 11*a - 29. Let j(t) = -1998*t**2 - 43*t - 115. Let m(l) = -9*c(l) + 2*j(l). What is the units digit of m(-2)?
5
Let g(l) = l**3 - 13*l**2 + 24*l - 18. Let j be g(11). Suppose 1 = 5*b + i, 2*i - 2 = j*b - 0*i. What is the units digit of (1 + (-124)/(-12) + b)*3?
4
Suppose -g + 1598 = -6*g - h, 3*g + 3*h = -954. Let i = g + 463. What is the hundreds digit of i?
1
Let a = -5365 + 7529. What is the thousands digit of a?
2
Let b = 100294 + -56190. What is the ten thousands digit of b?
4
Let c = 11843 - -437. What is the units digit of c?
0
Let v = 9288 + -22466. What is the units digit of v/(-10) - 288/(-240)?
9
What is the tens digit of (-23)/(-3)*(3 - 3*-34)?
0
Let x(r) = -1076*r - 22. Let g be x(-3). Suppose 0 = -18*p + g + 3832. What is the units digit of p?
1
Let i(a) = -11*a + 18. Let r be i(-14). Let l = r + 103. What is the tens digit of l?
7
Let p = 41018 + -22505. What is the tens digit of p?
1
What is the tens digit of 147/84 - (83284/(-16) + -6)?
1
Let t = 184 + -186. Let w(l) = 101*l**2 - l - 4. What is the hundreds digit of w(t)?
4
What is the ten thousands digit of 150434/7 + (3 - (-42)/7)/